is the remainder when j(d) is divided by 5?
4
Suppose -8*b + 3*b = -250. Suppose 13*w - 2*v + 241 = 18*w, -w + b = v. What is the remainder when 231 is divided by w?
43
Let p(u) = 27*u - 741. What is the remainder when p(29) is divided by 9?
6
Calculate the remainder when 774 is divided by (-935)/(-7) - 366/(-854) - 2.
114
What is the remainder when ((-1256)/3)/(-2) + (1116/(-27) - -41) is divided by 12?
5
Suppose -221 - 76 = -11*s. Let v = -82 - -109. Calculate the remainder when v is divided by s.
0
Let l = -3018 + 4847. Suppose -3*b - 4*p = -1837, 3*b + 9*p = 13*p + l. What is the remainder when b is divided by 36?
35
Let l(w) = 11*w - 6. Let p be l(-1). Let q = p - -27. What is the remainder when 36 is divided by q?
6
Suppose 906 = 12*n - 126. Suppose -319 = -16*t + 5*t. Calculate the remainder when n is divided by t.
28
Calculate the remainder when -5 + 103/3*-3*-1 is divided by 15.
8
Let t(b) = b**2 - 26*b - 6. Let p be t(-6). Suppose 0 = p*f - 183*f - 900. What is the remainder when f is divided by 43?
42
Suppose -3*m + 72 = -240. Calculate the remainder when m is divided by (-63)/1*(-59)/177.
20
Suppose 0 = 5*h + 53 - 193. Let w = 35 - h. Let d = 68 + -45. Calculate the remainder when d is divided by w.
2
Suppose 106 = 5*m + 2*j, -2*m - 12 = -3*j - 43. Suppose -m*c + 16*c = 3*q - 50, -15 = -q - 3*c. Calculate the remainder when 178 is divided by q.
16
Suppose 5*a + 6329 = 2*d, 15837 = -31*d + 36*d + 2*a. Calculate the remainder when d is divided by 18.
17
Calculate the remainder when 355 + (17/5 - 6/15) is divided by 6 + -1 - (-26)/2.
16
Let w(b) = b**2 + 54*b - 1571. Let u be w(-75). Let c = 1 + 3. Suppose -2*v - 16 = c*g - 0*g, u*v = -5*g - 17. Calculate the remainder when 8 is divided by v.
0
Suppose a + 3*a + 3*i = 33, -2*i = 2. Suppose a*q + 178 - 790 = 0. Let j = 30 + -7. Calculate the remainder when q is divided by j.
22
Suppose -2*d = 5*y - 78, 3*d - d - 22 = -y. Let l = 144 + -151. Let t = l + y. What is the remainder when t is divided by 5?
2
Let g = 209 - 69. Suppose 0 = 11*c - 4*c - g. Suppose -83 = -2*y + 73. Calculate the remainder when y is divided by c.
18
Suppose 0*k - 81 = -4*p - 5*k, -2*k + 66 = 3*p. Calculate the remainder when 52/13 + 69 + (-11)/(-22) + 22/(-4) is divided by p.
20
Suppose -4*x + 7*a + 232 = 3*a, a + 3 = 0. Suppose 0 = 7*c - x - 15. What is the remainder when 107 is divided by c?
7
Let q(j) = -j**2 - 7*j + 15. Let y be q(-8). Suppose -3*v - y = 2. What is the remainder when 21 is divided by -1 - (2/(-3) - v)*-3?
3
Let c(h) = 5*h + 5. Suppose 22*g - 20*g - 20 = 0. What is the remainder when c(g) is divided by 18?
1
Suppose -136 = -2*f - 2*f. Let b(g) = 7*g + 183. Let r be b(9). Suppose -3*j + r = -54. What is the remainder when j is divided by f?
32
Suppose 200 = 34*c - 684. Let s = 372 - 270. Calculate the remainder when s is divided by c.
24
Suppose 0 = q - 62 + 11. Suppose 0 = -b, 3*a + 0*a + 4*b = q. Calculate the remainder when ((-10)/(-22))/(-5) + 5244/209 is divided by a.
8
Let h = -45921 - -46478. Calculate the remainder when h is divided by (-3*1)/((-6)/32).
13
Suppose 0 = h + y - 3 - 5, -4*h - 5*y = -27. Let j = h - -20. Calculate the remainder when 63 is divided by j.
30
Let z = -4136 - -4178. Calculate the remainder when 192 is divided by z.
24
Let i = -563 + 274. Let l = i + 318. Calculate the remainder when 56 is divided by l.
27
Suppose -68 = -3*o - 5*g - 18, 5*o = 3*g + 106. Suppose -3*k + 423 = -k - 5*c, -4*k = 2*c - 786. What is the remainder when k is divided by o?
19
Suppose 4*p = -4, -5*p + 361 = 5*c - 874. What is the remainder when c is divided by 70?
38
Let z(i) = -37*i - 122. Let m be z(-6). Suppose 0 = -2*k - 3*k, -5*n = 5*k - m. Calculate the remainder when 57 is divided by n.
17
Suppose -i - 5*u + 6 = 0, 4*u = -6*i + 8*i - 54. Let a(n) = -7*n + 3 - 3 + 8*n + 2*n**2. What is the remainder when i is divided by a(-2)?
3
Let n = -23888 + 23903. Suppose c - 227 = -78. Calculate the remainder when c is divided by n.
14
Let n = -416 + 441. Calculate the remainder when (-2)/8 - (-1695)/12 is divided by n.
16
Let c = 150984 - 150960. Suppose 5*p = 139 + 96. What is the remainder when p is divided by c?
23
Let w = 3209 + -3173. Calculate the remainder when w is divided by 33.
3
What is the remainder when (-66460)/(-26) + (-13756)/(-494) + -28 is divided by 1263?
30
Let k be -7*1*(16/(-28) + 0). Suppose 1 = 2*w - k*w + p, 3*p = 3*w + 9. Suppose -w*r = -31 - 83. Calculate the remainder when r is divided by 15.
12
Let h be -5 + 82 - (-9 + 17). Suppose -1079 = h*j - 4598. Calculate the remainder when 305 is divided by j.
50
Let k(l) = -13*l + 1. Let b be (10/4)/(1/(-1))*-2. Let h be (-63)/35 + (-1)/b. What is the remainder when k(h) is divided by 10?
7
Let t = 0 - -11. Let v be -20*(5/20)/(1/22). Let n = -69 - v. Calculate the remainder when n is divided by t.
8
Suppose 81 = -3*o + 75, -y - 4*o = 4. What is the remainder when 30 is divided by y?
2
Suppose 8*a - 12*a + 500 = 4*r, 2*a = 2*r + 246. What is the remainder when a is divided by 18?
16
Let n be (2 + -3)*(-1161)/(-9). Let t = n + 133. Let u(q) = 8*q + 2. What is the remainder when u(3) is divided by t?
2
Let w(q) = 123*q - 1087. What is the remainder when w(12) is divided by 41?
20
Let o be 18/3*(-21)/9. Let r be (-8)/o + 2925/63. Let p = r - -35. Calculate the remainder when p is divided by 28.
26
Let i(g) = -g**2 + 9. Let x be i(3). Suppose -16*o + 20*o + 756 = x. Calculate the remainder when (o/35)/(1/(-5)) is divided by 7.
6
Let t be ((-6 + 4)/1)/(-2). Suppose -u - 2*p + 16 = 0, 9*u + 3*p - 42 = 6*u. What is the remainder when (t/3)/((-4)/(-384)) is divided by u?
8
Let n = 102 - 103. Calculate the remainder when 68 is divided by 1793/99 + n + (-16)/(-18).
14
Let q be (-117)/(-5) + (-6)/15. Suppose q = 5*y - 57. Suppose 0 = 90*f - 95*f + 465. What is the remainder when f is divided by y?
13
Suppose 4*b - 316 = o, -5*b - 3*o - 56 = -451. Calculate the remainder when b is divided by -2*((-28)/2)/(32/32).
23
Suppose -m + q + 229 - 83 = 0, 0 = 4*m + 5*q - 602. Calculate the remainder when 164 is divided by m.
16
Suppose 29*x - 20*x = 126. Suppose -476 + 61 = -5*h + 5*l, h - 4*l = 89. Let z = -42 + h. What is the remainder when z is divided by x?
11
Let o(n) = 17*n**2 - 18*n - 57. Let f be o(-4). Suppose 290*b - f*b - 141 = 0. What is the remainder when b is divided by 25?
22
What is the remainder when (-2)/(-7) + (45810/27)/(154/99) is divided by 529?
33
Let x = -36 - -16. Let u = -189 - -183. Let j = u - x. What is the remainder when j is divided by 3?
2
Suppose -5*k + 4*a = -202, -12*a + 8*a - 50 = -k. Let z = -102 + 169. Calculate the remainder when z is divided by k.
29
Suppose -3*v + 5*h + 352 = v, 5*v - 5*h - 440 = 0. What is the remainder when 362 is divided by v?
10
Suppose 153 + 3057 = 214*p. What is the remainder when 1184 is divided by p?
14
Let x(t) = 11*t - 3. Suppose -1 = -l + 11. Suppose -19*c + 13*c = -l. Calculate the remainder when 54 is divided by x(c).
16
Suppose 0 = -2*q - 4*t - 15 - 85, -3*q - 126 = -2*t. Let s = q - -141. Calculate the remainder when s is divided by 10.
7
Suppose -3*g - 31 = -5*t + 302, 3*g = 3*t - 201. Let q = -59 + t. What is the remainder when 17 is divided by q?
3
Let c = -2884 + 2964. Calculate the remainder when 471 is divided by c.
71
Let p = -14168 - -27411. Calculate the remainder when p is divided by 154.
153
Calculate the remainder when 248 is divided by 87/(7/(-70)*-10).
74
Let u be ((-108)/(-8) - 0)/(2/12). Let y = 96 - u. What is the remainder when 58 is divided by y?
13
Let g(m) = -172*m - 466. What is the remainder when g(-6) is divided by 82?
74
What is the remainder when (((-195)/20)/(-13))/(9/984) is divided by 42?
40
Suppose -3*x = -4*x + 51. Let h be ((4 - (-1 + 4)) + 0)*-10. Calculate the remainder when x is divided by h/50*-1 + (-138)/(-10).
9
Suppose -31*s = 14*s + 34*s - 2370. What is the remainder when (177/(-2))/((-1)/2) is divided by s?
27
Suppose 0 = 35*k - 7627 + 7452. Calculate the remainder when 7373 is divided by k.
3
Calculate the remainder when 1921 is divided by (7/9 - (-6)/(-54))*39.
23
Let l be (6/(-3 - -21))/(1/639). Suppose 220 = 2*q + 4*u - 164, 0 = q - 5*u - l. Calculate the remainder when q is divided by 102.
96
Suppose -16155 = 605*q - 650*q.